ose -g*a = 659 - 8632. Is a a prime number?
False
Let u(o) = 53*o**2 + 3. Let n be -4 + (0 - (10/(-1) - -2)). Is u(n) prime?
False
Let c be (-8)/(-44) - (-46)/(-253). Suppose 3*o = 2*i + 17094 + 11863, -2*o + 2*i + 19308 = c. Is o prime?
True
Let y(z) = -419*z + 2. Let w be ((-21)/9)/1*-3. Let o be (-3)/(w/((-21)/(-6)) + -1). Is y(o) composite?
False
Let v(q) = -q**2 - 7*q + 1012. Let h be v(0). Suppose -h - 835 = -s. Is s composite?
False
Let i = 5446 - 2546. Suppose 2*j = 2162 + i. Is j prime?
True
Suppose 55*p + 301833 = 46*p. Let w = 48586 + p. Is w composite?
True
Suppose 3 = -q + 3*p, 3*q - 14 = -q - p. Let b(o) = o + 5. Let c be b(q). Is 7/(-28) - (-8922)/c a composite number?
True
Let a = -11 + 122. Suppose 4*u - 5*o + 113 = 0, -4*u - o - 72 = 11. Let d = a + u. Is d a composite number?
False
Suppose -3*z - 6 = -7*z - 2*q, -2*z = 4*q. Suppose 2 - z = 5*k. Suppose -2*j - 2*j - 5*m + 69 = 0, k = -3*j - 2*m + 43. Is j a prime number?
True
Let n = 229669 + -132440. Is n composite?
True
Is 1385727/27 + 2/(-9) composite?
True
Suppose 18 = 3*q + 3*f, -q - 2*f - 2*f + 12 = 0. Let z(r) = 3*r + 27. Let p be z(-9). Suppose -4*s + q*x + 324 = 0, -4*s + x = -p*x - 318. Is s composite?
False
Let u(n) = -n + 3. Let j be u(1). Suppose 0 = -j*c + 1336 - 338. Suppose -3*d + c = h - 8*d, h + 3*d - 483 = 0. Is h a composite number?
True
Let r(z) = 306*z**2 - 9*z - 7. Let b(u) = 2*u**2 + 80*u + 4. Let g be b(-40). Is r(g) composite?
True
Suppose -907935 = -5*u + 2*j + 593904, u - 300339 = 4*j. Is u prime?
False
Suppose -19*u + 46536 = -7*u. Let x = u + -1321. Is x a prime number?
True
Suppose 262381 = 3*l - n, -n - 66321 = -4*l + 283521. Is l prime?
False
Suppose -555*q + 438*q = -17148807. Is q a composite number?
True
Let q be -3*(-6)/27 - (-761150)/15. Suppose 20285 = 2*w - 3*a, -6*a = 5*w - 3*a - q. Is w a prime number?
False
Let a be (-1)/(-3) + (-11)/(-3). Suppose -k - 2*l + a = 0, -2*l = -k - 6*l + 8. Suppose k*m = -5*m + 1655. Is m prime?
True
Let c(q) = -963*q**3 + 7*q**2 + 8*q + 65. Is c(-10) a prime number?
False
Let i(q) = -q**2 - 35*q + 62334. Let k be i(0). Suppose -7*y + k - 3401 = 0. Is y a composite number?
False
Suppose 7*h + 697449 = 3*d + 4*h, -929980 = -4*d - 4*h. Is d prime?
False
Suppose -30 = -2*t + z, -4*t + 7*z + 50 = 10*z. Let v(a) = 4*a**3 - 19*a**2 + 71. Is v(t) composite?
True
Let y(n) = -625*n**3 - 16*n**2 - 3*n - 19. Is y(-3) a prime number?
False
Let k = 4552 + 16619. Is k prime?
False
Suppose 2*g - 86*a = -85*a + 72060, 5*g = -5*a + 180165. Is g a prime number?
False
Let f = 225998 - 160585. Is f composite?
False
Let n = -39 + 43. Suppose 4*t = -4*v + 29996, 12028 + 17974 = n*t + 2*v. Is (-12)/9 - t/(-6) prime?
True
Is (-594)/3564*2496684/(-2) a composite number?
False
Let o = -772 - -10523. Suppose 7*v - 2*v + 2*m - 16257 = 0, -o = -3*v + 2*m. Is v prime?
True
Let t = 205 + -28. Suppose -5*j + 1858 = -t. Is j prime?
False
Let j = -216815 - -333882. Is j a composite number?
True
Suppose 78*v = 84*v - 186. Suppose -v*j + 28*j + 3855 = 0. Is j a composite number?
True
Is 46040 - (-16)/((-96)/(-54)) composite?
False
Let y be (-24)/(7/(56/12)) - -2. Let i(r) = -r**3 - 8*r**2 + 32*r + 33. Is i(y) prime?
True
Let i be (10 + -10 - 5)/(1/1). Let k(b) = -1020*b + 97. Is k(i) prime?
True
Suppose 5*h - h - 44 = 0. Let z(g) = -g**2 + 5*g - 29. Let o(c) = 2*c**2 - 11*c + 59. Let a(j) = -2*o(j) - 5*z(j). Is a(h) composite?
True
Let p(a) = 407*a**2 + 5*a - 2. Let t be p(-1). Let h = t + 2367. Is h a composite number?
False
Let j(x) = 2*x**3 + 112*x**2 + 84*x - 377. Is j(69) a composite number?
False
Suppose f + 5 = -3*f - j, -f = 3*j + 4. Let n be f/(-4) + 45/12 + -2. Suppose 5*x = -6*v + v + 2925, -1166 = -n*v - 4*x. Is v a composite number?
False
Let o(x) = 0*x + 6*x**2 + 3*x - 2*x + x**3 + 8. Let k be o(-6). Suppose 5*i + 2*v - 6774 = -k*v, -5*v + 6775 = 5*i. Is i a composite number?
True
Suppose 0 = 5*t - 3*y - 14315, -t + 2*y - 196 + 3052 = 0. Let w = 12903 - t. Is w composite?
False
Suppose -1 = a, 5*l + a + 333163 = 1869847. Is l composite?
False
Let t = -4 - -10. Suppose j + 3207 = t*j - 2*q, 0 = 3*j - q - 1924. Is j composite?
False
Let b be 2/3 + 4/12. Let h(v) = -10*v**3 + v**2 + v - 1. Let i be h(b). Let u(q) = q + 15. Is u(i) composite?
True
Let n(a) = a - 5. Let u be n(10). Let m = 0 - -3. Suppose 3*q = -5*y + 9107, -1817 = -4*y + m*y - u*q. Is y a composite number?
True
Let r(o) = o**2 - 11*o + 5. Let f be r(11). Suppose 0 = 2*m - 4*d - 288, 0 = f*m - d - d - 736. Is -1 - ((-33)/11 + (1 - m)) composite?
False
Let s(o) = -9457*o**3 + 4*o**2 + 13*o + 13. Is s(-2) a prime number?
True
Is ((-25235872)/(-48) - -7)/(2/6) a composite number?
True
Is (-3)/(-9)*1/(1/327177) prime?
False
Suppose 5*w - w + r = 2208, 2*w - 1104 = r. Let l = 2353 - w. Is l a prime number?
True
Let z be 8/((-64)/1374)*-48. Suppose -5*u - 3*c - 6203 = z, u + 2887 = -3*c. Let r = u - -4263. Is r composite?
False
Suppose 2*f = 4*c - 1814966 - 26930, -24 = -4*f. Is c a prime number?
True
Suppose 0*h = -2*h + 4472. Let v = 2011 - 834. Let r = h - v. Is r composite?
True
Suppose -3*a = -3*m + 18, 2*m = -a + 4*a + 15. Suppose -d + m*j + 18 = 0, -3*j = -3*d - 0*j + 72. Let r = 26 + d. Is r prime?
True
Let c(i) = -14*i**3 + 3*i**2 - 3*i + 7. Let n(d) = -d**3 - d. Suppose 5 = 5*s + t - 1, 3*t = 5*s - 2. Let p(r) = s*c(r) - 3*n(r). Is p(-3) prime?
True
Let d = -205 + 567. Suppose -12*a + d = -10*a. Is a a prime number?
True
Let o(y) = 1014*y - 29. Let l(f) = 507*f - 14. Let n(z) = 9*l(z) - 4*o(z). Is n(1) a prime number?
False
Suppose -10*c + 53 = 13. Let y(p) = 295*p + 13. Is y(c) prime?
True
Suppose -5*j + 3*p + 140 = 0, 0 = 4*j - 0*p - 5*p - 112. Suppose -8*n = -n - j. Suppose n*c + c - 5755 = 0. Is c a composite number?
False
Let q(j) = 89*j + 229. Let d(w) = 29*w + 76. Let t(n) = 11*d(n) - 4*q(n). Is t(-27) a composite number?
False
Let z = 1217 - 1213. Let j(c) be the first derivative of 100*c**2 + 9*c + 3. Is j(z) a composite number?
False
Suppose 3208676 - 1858024 = 158*x - 7810662. Is x a composite number?
True
Suppose 590913 = 79*a - 27*a - 699051. Is a a composite number?
True
Let b(i) = -2*i**3 - 13*i**2 - 6*i - 9. Let g be b(-7). Let v = g + -75. Is 1339/v - (-12)/(-42) a prime number?
True
Let r be (-766415)/(-16) + (-2)/(-32). Suppose -4*a - 10265 = 5*l - 42214, -6*a + r = 3*l. Is a composite?
True
Let o(b) = -b + 15. Let x = -29 + 37. Let r be o(x). Suppose -r*n = 1286 - 4401. Is n a prime number?
False
Suppose -w + 5*r + 282281 = 0, 5*w - 2*r = 2200770 - 789365. Is w a prime number?
True
Suppose -2*i = -8, 5*i + 498 = -k + 103. Suppose 3876 = -p - 2*p. Let g = k - p. Is g a composite number?
False
Suppose -4*a + 946269 - 629204 = -1193995. Is a prime?
False
Let k be ((1 - 3) + 1)*22. Let i = -18 - k. Suppose g + 267 = 2*g - i*t, -t - 2 = 0. Is g composite?
True
Let f = 20 + -24. Let o be f/6 + 1 + (-32)/(-12). Suppose 745 = c + y, 5*y = -o*c - 0*y + 2239. Is c composite?
False
Suppose 0 = y - 3 - 6. Suppose -26737 = -y*q + 7112. Is q composite?
False
Is -4 + 0/(-3) + (-1800241)/(-47) prime?
True
Let v = -218 - -229. Suppose -4951 - 7160 = -v*h. Is h composite?
True
Let t(n) = 14*n**2 + 4*n - 506. Is t(40) a composite number?
True
Suppose 0 = 4*z - 311 - 41. Let c = -931 + 1076. Suppose -x + c = -z. Is x prime?
True
Let c(a) be the second derivative of -a**3/3 + 8*a**2 - 10*a. Let r be c(15). Let j(i) = 2*i**2 + 18*i - 29. Is j(r) composite?
True
Let h = -128551 + 250584. Is h a prime number?
True
Let o(s) = -27927*s - 1000. Is o(-3) a prime number?
True
Let f(t) = 7266*t + 37. Let d be f(13). Suppose -18*y = -21*y + 4*n + 56697, -d = -5*y - 5*n. Is y a composite number?
False
Let m(s) = -6*s + s - 3 + 2*s + 2*s. Let f be m(-12). Suppose -3*d - f*d + 29748 = 0. Is d a prime number?
False
Suppose -3*n + 13 = 10, 5*n = 4*g - 291519. Is g composite?
True
Let w = 160929 - 19394. Is w composite?
True
Let u(g) = -178*g**3 + 5*g**2 + 8*g - 6. Is u(-4) composite?
True
Let k be (-2 - -9)/((-2)/(-38)). Let p be 4/6*(-50 - -53). Suppose -p*h = -1167 + k. Is h composite?
True
Suppose -4*f = -2*y + y + 41863, 3*y - 125606 = -5*f. Is y composite?
True
Suppose 7*x = -275 + 268. Is x*2/(-15) - (-77439)/45 a composite number?
False
Suppose 35*j - 283558 = 5527